 + (-5)/2*64/40. What is the greatest common factor of 328 and g?
41
Suppose f - q = -4*f + 5, -q + 5 = 0. Suppose -f*d + 4 = 3*v, -d - d + 4 = -5*v. What is the greatest common divisor of 14 and d?
2
Let h be -7*40/(-28)*1. Let k = 63 + -61. Suppose -4*n + x = -57, -n + h = x + k. What is the highest common factor of n and 13?
13
Let i = -15 - -47. Suppose i = l + l. Calculate the highest common divisor of 16 and l.
16
Let t(c) = -c**3 - 8*c**2 + 5*c + 3. Let u = 5 + -14. Let j be t(u). Let l = -106 + 132. What is the highest common divisor of j and l?
13
Let g = -33 - -37. Suppose -v = 0, -b + g*v + 77 = 32. Let a(p) = -3*p - 4. Let y be a(-3). What is the highest common factor of y and b?
5
Suppose 3*g - 5*g = -96. Suppose -5*l + g = -l. Calculate the highest common divisor of l and 18.
6
Suppose 5*v - 8*g = -4*g + 196, -4*g - 156 = -4*v. Calculate the highest common factor of v and 24.
8
Suppose 0 = -5*a - r + 3636, 6*a - 5*r + 708 = 7*a. Calculate the greatest common factor of a and 56.
56
Suppose 2*u = -2*d - 26, 20 = -3*d + 8. Let i be 12/u*(-66)/4. Suppose 0 = 8*q - 1087 + 207. Calculate the greatest common divisor of i and q.
22
Let v(n) = -n**3 + 7*n**2 + 6*n + 9. Let w be v(8). Let s = -1 + w. Let h = 9 + s. Calculate the highest common factor of h and 11.
1
Suppose -5 - 7 = 4*x, 4*x - 3 = -5*s. Suppose t = s*t - 2. Suppose -4*f + 137 = -3*a, 0 = -3*a + 2 + t. Calculate the greatest common divisor of f and 5.
5
Suppose -3*w = -9*w + 24. Suppose -238 = -a + h, a + w*h = 4*a - 712. What is the greatest common factor of a and 30?
30
Let x be 6/9 - (-215)/15. Suppose 25 + 3 = 5*j + 3*q, 4*j = 5*q + x. What is the greatest common divisor of 35 and j?
5
Let i(r) = 3*r**3 + r**2 - 6*r + 8. Let z be i(4). Suppose 33 + z = 9*v. Calculate the greatest common divisor of v and 5.
5
Let b(o) be the third derivative of -o**4/12 - o**3/3 + 14*o**2. Let x be b(-3). Calculate the highest common divisor of 12 and x.
4
Let i(u) = 51*u**2 - 5*u + 9. Let j be i(2). What is the highest common factor of 29 and j?
29
Suppose -96*m + 532 = -89*m. Calculate the greatest common divisor of 8 and m.
4
Suppose -16*v - 21 = -23*v. Suppose -22 = -x - v*z + 43, -5*x + 4*z + 287 = 0. Calculate the greatest common divisor of x and 472.
59
Let g(p) = -2*p - 1. Let n be g(-3). Suppose n*o = -25 + 115. Let t be 2/1 - (-24)/6. What is the greatest common factor of o and t?
6
Suppose 4*n - 71 = q, 3*n - 423 = 5*q - 0*n. Let z = q - -98. Calculate the highest common factor of z and 253.
11
Let t = 22 - 14. Suppose 0 = -u - u + t. Suppose -u*l + l = -144. What is the highest common factor of 32 and l?
16
Suppose 0*f = 2*y - 2*f - 318, 3*f - 477 = -3*y. Let x = -141 + y. Let n = 19 + 26. Calculate the highest common factor of n and x.
9
Let b(c) = -199*c - 9. Let g(m) = 99*m + 4. Let p(o) = 3*b(o) + 5*g(o). Let h be p(-1). Calculate the greatest common divisor of 19 and h.
19
Let d = 28 + -20. Suppose 0 = -3*l + 46 + 14. What is the highest common divisor of d and l?
4
Suppose -7*c + 16 + 110 = 0. What is the highest common divisor of 2 and c?
2
Suppose -w + 3*f = -37, -3*w + 2*f + 52 = -31. Suppose 15 + w = 5*r. Suppose a - 4*a + r = 4*u, 5*u - 5*a = 10. What is the highest common factor of 22 and u?
2
Suppose -288 = -6*t + 336. Calculate the greatest common factor of t and 91.
13
Let l = 33 - 12. Suppose 846 = 8*q + q. Suppose 2*f = -0*f - 4*o + 34, -4*f = -5*o - q. What is the highest common factor of f and l?
21
Let r be 10 - 9 - (-1)/(2/88). Let q = r - 24. What is the greatest common divisor of 3 and q?
3
Let w = -1529 - -1617. Let h(m) = m**2 - 4*m + 3. Let a be h(5). Calculate the greatest common factor of w and a.
8
Let m be 76/6 - (-6)/(-9). Let b(s) = -9 - s**2 + 4 - 6*s + 0*s. Let i be b(-3). Calculate the highest common divisor of m and i.
4
Suppose -168 = -3*l + 825. Let v = -205 + l. What is the greatest common factor of 18 and v?
18
Let d be -2 + 11/7 + (-72828)/(-147). What is the highest common factor of d and 45?
45
Let c(n) = n**3 + 2*n**2 + 3*n + 3. Let m be c(3). Let j = -264 + 283. What is the highest common factor of m and j?
19
Let q(n) = -n - 4*n - 3 + n**2 - 2*n + 9*n. Let f be q(-3). Suppose f = g + u - 130, -20 = -3*u - 8. Calculate the greatest common factor of g and 18.
18
Let u(n) be the third derivative of 23*n**5/60 + n**4/24 + n**2. Let j be u(-1). Let h be (56/(-24))/((-1)/66). What is the highest common divisor of h and j?
22
Suppose -2*a + 111 = a. Suppose -23 = -4*i + a. Suppose 8*h = 5*h + i. What is the highest common divisor of h and 2?
1
Suppose 0 = 3*o + 1047 + 5628. Let x be (-15)/3 + o/(-5). What is the greatest common divisor of 40 and x?
40
Suppose 3*z - 10 - 9 = -2*s, -2 = -4*z + 2*s. Let i be 1 + z + 7 + 1. Let p = 46 + -28. What is the highest common factor of i and p?
6
Let z = 161 + -157. Suppose -o + 5*n + 130 = 2*o, -5*o - n = -198. Calculate the highest common factor of o and z.
4
Suppose 8 + 20 = 7*f. Suppose -f*x = 2*x - 18. What is the highest common factor of 1 and x?
1
Suppose 2*h + 5*s - 88 = 0, -s + 7 - 44 = -h. Let n = 276 + -276. Suppose g = -c - n*g + h, 5*g = 5*c - 195. Calculate the greatest common factor of 26 and c.
13
Let y = 8 + -6. Suppose -g + y = -2. Suppose 38 = 5*b + 2*l, -g*b + 2*l + l = -35. What is the highest common divisor of b and 24?
8
Let i be (144/20)/(1/20). Suppose i = o + 2*o. Calculate the greatest common divisor of o and 6.
6
Let w(d) = -10*d - 3. Let h be w(-3). Let k be 720/540 - 320/(-3). What is the greatest common divisor of h and k?
27
Suppose -11*q + 4009 = 797. What is the greatest common divisor of q and 73?
73
Let i = 1460 - 706. What is the greatest common factor of i and 174?
58
Let d = -35 + 90. Suppose w = 8*w + 154. Let b be w/(-5)*5/2. Calculate the greatest common divisor of d and b.
11
Let k be -4 - (-1623 + 5) - -1. What is the highest common divisor of 17 and k?
17
Suppose -5*y + 45 = -25. Let r be 6/(-3) + 0 + -231. Let k = -121 - r. What is the highest common factor of k and y?
14
Let g(b) = b - 12. Let o be g(12). Suppose 0*s - 2*s + u - 1 = o, -4*u = -s - 4. Suppose -3*c + 42 + 24 = s. What is the greatest common factor of c and 55?
11
Suppose 3*m - 408 = -4*o + o, 0 = -2*m + 2*o + 268. Let c = 45 + -30. What is the highest common factor of c and m?
15
Let a be ((-22)/8)/(33/(-924)). Calculate the greatest common divisor of a and 55.
11
Suppose 2*c - 244 = -3*i, -2*i + 5*c - 53 + 222 = 0. What is the greatest common divisor of i and 2?
2
Suppose 3*q = 0, -2*j + 4*j - 2*q = -20. Let t be 164/10 - (-4)/j. Suppose -22*c + 2 + 28 + 58 = 0. What is the highest common factor of t and c?
4
Suppose 4*z - z - 1482 = 3*l, 4*l + 1484 = 3*z. What is the highest common factor of 12 and z?
12
Let i be -3*1/(-3)*2. Suppose 0 = -i*y - 2*j + 14, -j + 9 = 2*j. Suppose -y*m = -15 - 57. Calculate the greatest common factor of m and 6.
6
Let z(t) = t**3 + 4*t**2 - t - 8. Let g be z(-3). Suppose -g*q = 3*d - 788, -3*q = q - 3*d - 812. Calculate the highest common factor of 20 and q.
20
Let d = 16 - 16. Suppose 2*i + 1 - 7 = d. Suppose 0 = i*a - 2*j - 76, 54 = a + a - 3*j. Calculate the highest common divisor of 36 and a.
12
Let f be (-73)/(-5) + 5/50*4. Suppose 5*s - f + 10 = 0. Let p(o) = -o**3 + 6*o**2 - 5*o + 5. Let m be p(5). What is the greatest common divisor of s and m?
1
Let m(v) = -v**2 - 12*v + 10. Let a be (-2)/(-4) + (-180)/24. Let n be m(a). What is the highest common divisor of 18 and n?
9
Let f(r) = -r**3 - 15*r**2 - r - 5. Let j be f(-15). Calculate the greatest common divisor of 80 and j.
10
Suppose 0 = -7*m + 12 + 135. What is the greatest common divisor of m and 903?
21
Let v = 10 + -6. Suppose 2*s = -v*s + 282. What is the greatest common divisor of s and 423?
47
Let c be 25/10*12/15. Calculate the greatest common divisor of c and 11.
1
Let v(t) = t**3 - 8*t**2 + 9*t - 3. Let u be v(7). Let w(f) = 105 + 3*f - 104 - 2*f. Let p be w(u). What is the highest common divisor of p and 6?
6
Let x(w) = -338*w - 349. Let z be x(-4). What is the highest common divisor of z and 59?
59
Suppose -61 = -v + 25. Let d(c) = 5*c - 2. Let o be d(9). What is the highest common divisor of o and v?
43
Suppose 2*d - 4*g - 1 = 5, -5*g + 9 = -d. Suppose d*h = 6*h + 135. What is the hi